on factor of s and 17394.
78
Let q be -21*3/(-12)*4. Suppose -3 = -8*a + q. What is the highest common factor of a and 21?
3
Suppose 4*u - 852 = -5*n, u - 113 = n + 91. What is the highest common divisor of 676 and u?
52
Let y be (-33)/22 + 78/4. Suppose 5*g - 880 = -5*z, g - 150 = -2*z + 29. Let d = 182 - g. Calculate the highest common factor of d and y.
9
Let t = -22 - -30. Let k = -41 + t. Let f = -28 - k. Calculate the greatest common divisor of 5 and f.
5
Let b(m) = 321*m + 1074. Let n be b(-2). Calculate the greatest common factor of 11376 and n.
144
Let y be 16/(-4 + 8) + (0 - 2). Let r(n) = -13*n**y - 55*n**3 + 12 + 5 - n + 54*n**3. Let d be r(-13). What is the greatest common divisor of 105 and d?
15
Suppose 5*o + 3*h = 46682, -3*o + 4163 = h - 23851. Calculate the greatest common divisor of o and 20.
20
Suppose -2841 = -2*v + f, 1785*v - 1781*v - 3*f = 5679. Calculate the highest common divisor of 2 and v.
2
Suppose 0 = -4*c - 1399 + 211. Let k = c - -313. Calculate the highest common divisor of k and 272.
16
Suppose 1218 = 34*n + 53*n. Calculate the greatest common factor of 147 and n.
7
Let q = 2913 + 7066. What is the greatest common divisor of 17 and q?
17
Suppose -22*k + 21*k + 4*i = -25, 0 = -5*k + 3*i + 210. Let y = 415 - 100. Calculate the greatest common factor of k and y.
45
Let s(c) = -16*c + 273. Suppose -14*i + 27*i = 195. Let z be s(i). What is the highest common factor of z and 176?
11
Suppose 4*x + 3*j = 10, -8*x - 2*j = -3*x - 16. Suppose 10*u - 55 = 35. What is the highest common divisor of u and x?
1
Let v(c) = -400*c + 25 + 62*c - 11. Let y be v(-1). What is the greatest common factor of 11 and y?
11
Suppose 10*z - 15*z = -40. Suppose 0 = -z*j + 4*j + 5*l + 576, -2*j - 3*l = -288. What is the highest common factor of j and 27?
9
Let s(x) = -11*x - 7. Let g be s(-4). Let y = g + -19. Let o(m) = 5*m + 103. Let b be o(-17). Calculate the highest common divisor of b and y.
18
Suppose 5*j = -3*b + 15990, -2*j - 32*b + 6385 = -33*b. Calculate the greatest common factor of j and 45.
45
Let n be (1 - (0 + 0))*(-95 + 6). Let z = 50 + 40. Let m = n + z. What is the greatest common factor of 11 and m?
1
Let g(d) = 50*d - 434. Let j be g(9). Calculate the greatest common divisor of 76 and j.
4
Let l = 56 - 5. Let w = l + -102. Let c = 67 + w. What is the highest common factor of c and 40?
8
Suppose -28*z + 532 - 160 = -24*z. What is the highest common factor of z and 3224?
31
Let k = 445 - 340. Suppose k*p - 121*p = -352. What is the greatest common divisor of 44 and p?
22
Suppose -87*w + 318 = 2*f - 81*w, f - 160 = -4*w. Calculate the highest common factor of 832 and f.
52
Let k(q) = 47*q**2 + 16*q + 33. Let j be k(3). Calculate the highest common divisor of j and 952.
56
Suppose -5*p = -7 - 3. Let z be (-248)/(-8) - (p + -1). Suppose 16 = 4*c, 2*t = t + 2*c + 32. What is the highest common divisor of z and t?
10
Let t(i) = i - 4. Let c be t(0). Let w = c - -80. Let y = 6371 + -6352. Calculate the highest common factor of y and w.
19
Let f = -48 - -48. Let a be -15*(-1)/3 + f. Suppose a*j = 218 + 82. Calculate the greatest common factor of 10 and j.
10
Let i(z) = z**3 + 11*z**2 - z - 1. Let h be i(-11). Let w = 55 + -63. Let q be (-1)/(28/w + 3). Calculate the greatest common factor of h and q.
2
Suppose -11*w - 5376 = -59*w. Calculate the highest common divisor of 119 and w.
7
Suppose 5*z - 1081 = 2*c + 317, 0 = 5*z + c - 1401. What is the highest common factor of z and 80?
40
Let d = 802 - 200. Suppose 3*f - 5*u = 32, 4 = 3*u - 2. Calculate the highest common divisor of d and f.
14
Suppose 0 = 2*h - 5*h + 318. Let y = -46 + h. Let g = -55 + y. Calculate the greatest common divisor of 15 and g.
5
Let f be 8/(-280)*-14*325. Calculate the highest common factor of 380 and f.
10
Let t(o) = 4*o**2 - 4*o + 3. Let k be t(7). Suppose 5*r - k - 94 = 0. Let f = -44 + r. What is the highest common divisor of f and 36?
9
Let n(w) = -2*w**2 + 10 + 4*w**3 + 9*w - 3*w**3 + 0*w**2 - 8*w. Let k be n(5). Let d = 134 - k. What is the greatest common factor of 11 and d?
11
Let s(y) = -y - 3*y + 0*y + y**2 - 7 + y. Let i be s(6). Let w(z) = 7*z**2 - 29*z + 37. Let n be w(4). What is the highest common divisor of i and n?
11
Suppose 22*x + 446 = 5*w + 25*x, 5*x + 197 = 2*w. Calculate the highest common divisor of 2093 and w.
91
Let a(n) be the third derivative of 1/20*n**5 + 0 - 13/24*n**4 - 5/3*n**3 + 20*n**2 + 0*n. Let s be a(-4). Calculate the highest common divisor of 36 and s.
18
Let x be (-6682)/(-16) - 2019/(-5384). Calculate the greatest common factor of 77 and x.
11
Let j = 0 - -3. Let k be (j - 8 - -1) + 4. Suppose -5*c + 86 + 99 = k. Calculate the highest common factor of 111 and c.
37
Let k = -3559 + 3562. What is the highest common divisor of 24 and k?
3
Let b(h) be the first derivative of -h**4/2 - 5*h**3/3 - 3*h**2/2 + 12*h + 66. Let m be b(-4). What is the greatest common divisor of m and 36?
36
Suppose 0 = 98*x - 39157 - 62175. Calculate the highest common divisor of 376 and x.
94
Suppose 3*x + 7 = 70. Suppose -817 + 2581 = 14*g. Let c be g/((30/(-20))/(-1)). What is the highest common divisor of x and c?
21
Suppose -3*p + 0*r + 231 = 3*r, 2*r = p - 92. Let w = 84 - p. Suppose -w*o + 8*o - 432 = 0. What is the greatest common factor of o and 8?
8
Let t(s) = -2*s**3 - 2*s**2 + 5. Let i be t(-5). Suppose -j = 2*o - 103, -4*o = -2*j - 9*o + i. Calculate the greatest common factor of j and 35.
35
Let b(i) = 3*i**2 + 50*i + 56. Let p be b(-15). Let g = 173 + p. Calculate the highest common factor of 33 and g.
11
Let m(u) = u**3 + u**2 - 57*u - 3. Let h be m(-8). Suppose -112 = -c - 4*o, h*c = 2*o + 559 - 21. What is the greatest common divisor of 8 and c?
4
Let c(w) = -3*w**2 - 12 - 15*w + 7*w**2 - 8*w**2 - 26*w - 5. Let n be c(-8). What is the highest common factor of n and 1045?
55
Let w(f) = 2*f**3 + 311*f**2 - 156*f + 65. Let j be w(-156). Suppose -2*d + 195 = 3*d. Calculate the greatest common factor of d and j.
13
Let w(l) = l**2 - 4. Let k be w(-6). Suppose 5*u = v + 66, 0 = 3*v - v - 5*u + 122. Let b = -54 - v. Calculate the greatest common factor of b and k.
2
Suppose -v = 4*h + 132 + 50, h = 2*v + 409. Let s = 222 + v. Calculate the highest common factor of 32 and s.
4
Suppose 248*i + 744 = 4*z + 252*i, 0 = 5*z - 2*i - 951. Calculate the highest common factor of z and 2016.
63
Suppose 175 = 11*x - 111. Suppose -4992 = -x*m + 13*m. Calculate the greatest common divisor of m and 24.
24
Suppose 0*s - s + 90 = 0. Let y = s + -36. Let c = 144 + -138. Calculate the highest common divisor of y and c.
6
Let o = 200 - 192. Let l be 1 + -1 + -22*(-52)/o. What is the highest common divisor of l and 22?
11
Suppose 197*l - 4112 - 4157 = 3945. Calculate the greatest common factor of l and 248.
62
Let a be (-4)/10 + 704/10. Let j = -3885 - -3997. Calculate the highest common factor of a and j.
14
Let n = 10183 - 10162. Calculate the highest common factor of 5397 and n.
21
Let k = 1565 + -1425. Calculate the highest common divisor of k and 15820.
140
Suppose -b - 234 = 38*b. Let n be (132/20)/(b/(-20)*1). What is the greatest common divisor of n and 231?
11
Let n = 421 + -405. Let w(q) = 1. Let r(k) = 17*k**3 - k**2 - k - 1. Let p(u) = r(u) + 2*w(u). Let o be p(1). What is the highest common divisor of o and n?
16
Let n = 4622 + -4526. Calculate the greatest common divisor of 9696 and n.
96
Suppose -15*u + 6*u - 108 = 0. Let l be u/((-165)/(-28) - 6). What is the greatest common factor of 14 and l?
14
Let j be ((-2)/(-3))/(4/66). Suppose 90*r - 1768 = 1562. Suppose -4*c + j = -r. What is the greatest common divisor of 12 and c?
12
Let x(b) = 342*b + 2859. Let h be x(-7). Calculate the greatest common factor of 225 and h.
15
Suppose 74*o = 86*o - 60. Suppose 4*i + 2*p = -i + 352, 5*i + o*p - 355 = 0. What is the highest common divisor of i and 112?
14
Let f be 0 - (-29 + 0) - 3. Suppose k = 4*j - 30 + 5, 5*j = -4*k + f. Let w be (-9 + 273/35)/((-2)/30). What is the highest common divisor of j and w?
6
Let o = -13 + 38. Let h be (6/3 + -4)*(-7600)/32. Calculate the highest common factor of o and h.
25
Let s(u) = -56*u - 2. Let f(g) = -3*g - 12. Let q be f(-5). Let d be s(q). Let z = d - -290. What is the greatest common factor of z and